te?
False
Is 1308303413 a prime number?
True
Is 668413 prime?
False
Is 2860574 a prime number?
False
Is 208443 a composite number?
True
Is 5944123 a prime number?
False
Is 182014297 a prime number?
False
Is 28537417 composite?
False
Is 157035689 composite?
False
Is 78367 prime?
True
Is 18642599 composite?
True
Is 269191499 composite?
False
Is 27398071 a composite number?
False
Is 10751709 composite?
True
Is 36740219 a composite number?
False
Is 85610339 a prime number?
True
Is 541391 a composite number?
False
Is 184651581 a composite number?
True
Is 1663513 a composite number?
False
Is 109951133 a prime number?
False
Is 258408023 prime?
False
Is 100488877 a composite number?
True
Is 95785423 a composite number?
False
Is 1398911 a prime number?
True
Is 4346323 a composite number?
False
Is 35239817 a composite number?
True
Is 12852457 prime?
False
Is 222791469 composite?
True
Is 70499651 a prime number?
True
Is 47143829 a prime number?
True
Is 63620537 a composite number?
False
Is 16076729 prime?
True
Is 2620939 a prime number?
True
Is 15860293 composite?
False
Is 6535163 prime?
True
Is 46279405 composite?
True
Is 93004253 a prime number?
False
Is 1916561 composite?
True
Is 410237461 composite?
False
Is 41626171 a prime number?
True
Is 1417705 composite?
True
Is 44246177 a composite number?
False
Is 2539829 a composite number?
False
Is 59759093 prime?
True
Is 588587537 a prime number?
True
Is 10806787 a prime number?
False
Is 5135807 prime?
True
Is 438675791 prime?
False
Is 98424089 a prime number?
False
Is 4023917 composite?
True
Is 13667539 a prime number?
True
Is 200632433 prime?
False
Is 9359065 prime?
False
Is 222419 composite?
False
Is 592848433 a composite number?
True
Is 468327 composite?
True
Is 656874689 prime?
False
Is 264553 composite?
False
Is 175369 prime?
False
Is 33100253 prime?
True
Is 78661 composite?
True
Is 438023 prime?
False
Is 6436879 a prime number?
True
Is 39152191 a prime number?
False
Is 8803057 a composite number?
False
Is 4082831 a composite number?
False
Is 634301 prime?
True
Is 49473287 a prime number?
True
Is 534437147 a prime number?
True
Is 44353709 prime?
True
Is 1119515233 composite?
False
Is 38441773 a composite number?
True
Is 41739757 a composite number?
True
Is 39146593 prime?
False
Is 40791403 a prime number?
True
Is 16832477 a composite number?
True
Is 72751537 a composite number?
True
Is 318349183 prime?
True
Is 45424259 a composite number?
False
Is 478013 a composite number?
True
Is 160441 composite?
False
Is 253398571 a prime number?
False
Is 361559 a prime number?
False
Is 2631254 a prime number?
False
Is 85087897 prime?
True
Is 92944489 composite?
True
Is 140712929 prime?
False
Is 91801 a prime number?
True
Is 8186219 a composite number?
False
Is 24235283 a composite number?
True
Is 54091693 a composite number?
True
Is 12723709 composite?
False
Is 87205897 a composite number?
True
Is 41379917 a prime number?
True
Is 461280683 prime?
True
Is 77913853 a prime number?
True
Is 138728977 prime?
False
Is 1195361 a prime number?
True
Is 443227 a prime number?
True
Is 25690733 a prime number?
True
Is 13384513 a prime number?
True
Is 9713423 a composite number?
True
Is 21052258 a composite number?
True
Is 689633 prime?
False
Is 15394207 a prime number?
True
Is 9604219 prime?
False
Is 177961 a prime number?
False
Is 1325551 a prime number?
False
Is 203357177 prime?
True
Is 354807203 a prime number?
True
Is 153636653 a prime number?
True
Is 172532489 composite?
False
Is 253111321 a composite number?
True
Is 18700117 a composite number?
False
Is 14582981 a composite number?
True
Is 117034283 composite?
True
Is 202817 a prime number?
True
Is 1438331 composite?
True
Is 13440103 prime?
False
Is 798661 composite?
True
Is 1936427 prime?
True
Is 18219647 a composite number?
False
Is 228316013 composite?
False
Is 114776269 a composite number?
True
Is 166201301 a composite number?
True
Is 3025987 a composite number?
False
Is 5687943 a composite number?
True
Is 2676799 a composite number?
True
Is 206171157 composite?
True
Is 1712047 prime?
True
Is 223051559 a composite number?
True
Is 10395635 a prime number?
False
Is 23878213 prime?
True
Is 226173698 a prime number?
False
Is 919491257 a composite number?
True
Is 1666201 a composite number?
False
Is 4691831 prime?
True
Is 835759 composite?
False
Is 165354647 composite?
True
Is 7253123 composite?
False
Is 174541 composite?
True
Is 393431 prime?
False
Is 1663073 composite?
False
Is 3754847 composite?
True
Is 3819289 a composite number?
True
Is 249142097 a composite number?
False
Is 1679213 prime?
True
Is 239820753 a composite number?
True
Is 67087859 prime?
True
Is 3981 a prime number?
False
Is 131860459 a prime number?
False
Is 345119377 composite?
False
Is 30581381 composite?
False
Is 7619467 a prime number?
False
Is 55742471 composite?
True
Is 129617507 prime?
True
Is 20433263 composite?
False
Is 1903777 composite?
True
Is 19926331 a composite number?
False
Is 3037597 a composite number?
True
Is 3069391 composite?
True
Is 5513513 composite?
False
Is 1393699 a composite number?
True
Is 71260235 a prime number?
False
Is 9788302 a prime number?
False
Is 194885813 a composite number?
False
Is 64342651 prime?
True
Is 1068579179 composite?
False
Is 927397 prime?
True
Is 88334657 composite?
True
Is 16647269 a prime number?
False
Is 1601197 prime?
False
Is 14829641 a composite number?
True
Is 17319217 a prime number?
False
Is 186037601 a prime number?
False
Is 599959 a prime number?
True
Is 2094121 composite?
True
Is 261190439 composite?
True
Is 142984007 prime?
False
Is 52375571 composite?
True
Is 52149763 a composite number?
True
Is 947501 composite?
False
Is 7754269 prime?
True
Is 1033845809 composite?
True
Is 503543 composite?
False
Is 67326829 a prime number?
True
Is 438519839 composite?
False
Is 44351 prime?
True
Is 42885467 composite?
True
Is 462797377 a prime number?
False
Is 2434291 a composite number?
False
Is 8656159 a prime number?
True
Is 2430451 composite?
False
Is 49656127 a composite number?
False
Is 17823821 a prime number?
True
Is 67626853 a prime number?
False
Is 10881733 composite?
False
Is 25971973 prime?
True
Is 1785613 a composite number?
False
Is 92745221 prime?
True
Is 850177 a composite number?
False
Is 2873931 prime?
False
Is 33740983 composite?
False
Is 16635341 prime?
True
Is 6595891 prime?
True
Is 1228769 prime?
False
Is 482967871 a prime number?
False
Is 42313943 composite?
True
Is 13517363 a prime number?
False
Is 95242799 prime?
True
Is 8933413 a composite number?
False
Is 106018789 a prime number?
True
Is 39391507 prime?
True
Is 14125691 a prime number?
False
Is 9472643 composite?
False
Is 40992397 composite?
False
Is 10151443 a prime number?
False
Is 952650247 prime?
True
Is 17025095 a prime number?
False
Is 333807101 composite?
True
Is 36661763 a composite number?
False
Is 13622269 prime?
True
Is 5294579 a composite number?
False
Is 6442063 prime?
True
Is 5050603 prime?
False
Is 171928693 prime?
False
Is 10611541 composite?
False
Is 5282777 a prime number?
True
Is 55120789 prime?
True
Is 2799187 a prime number?
True
Is 382163 composite?
False
Is 19929755 composite?
True
Is 265265677 a prime number?
False
Is 824743 a composite number?
True
Is 34832959 prime?
False
Is 28420531 a composite number?
False
Is 15281311 a composite number?
False
Is 36460573 a prime number?
True
Is 14839379 a composite number?
False
Is 15149809 prime?
False
Is 923188319 prime?
False
Is 47973227 a prime number?
True
Is 21736963 composite?
False
Is 571657 prime?
True
Is 18226021 composite?
True
Is 5315957 composite?
False
Is 55223299 composite?
True
Is 9514151 a composite number?
False
Is 264479 a composite number?
True
Is 44127758 a prime number?
False
Is 1143469 a composite number?
False
Is 355166507 a prime number?
False
Is 486923 composite?
False
Is 1379081 a composite number?
True
Is 479701 a composite number?
False
Is 179166671 a composite number?
True
Is 2428933 a composite number?
True
Is 8394359 a prime number?
True
Is 2590283 a prime number?
False
Is 67818523 a prime number?
True
Is 34075321 prime?
False
Is 601937 a prime number?
False
Is 168921106 composite?
True
Is 32868481 prime?
True
Is 640834 prime?
False
Is 103077213 composite?
True
Is 28924163 pri